8202 is divided by 2388?
2386
Calculate the remainder when 14367214 is divided by 177.
124
What is the remainder when 10856443 is divided by 192?
187
What is the remainder when 850082 is divided by 44736?
98
What is the remainder when 99413 is divided by 32965?
518
Calculate the remainder when 596833 is divided by 129.
79
Calculate the remainder when 37314 is divided by 1317.
438
What is the remainder when 4619797 is divided by 3?
1
What is the remainder when 51919 is divided by 15?
4
Calculate the remainder when 157977 is divided by 2739.
1854
Calculate the remainder when 9836123 is divided by 70763.
66
Calculate the remainder when 3317398 is divided by 582.
580
Calculate the remainder when 2144279 is divided by 494.
319
Calculate the remainder when 3315677 is divided by 129.
119
What is the remainder when 694275 is divided by 138826?
145
Calculate the remainder when 12586663 is divided by 99.
1
What is the remainder when 3329094 is divided by 107?
3
What is the remainder when 3875871 is divided by 8556?
3
Calculate the remainder when 2370794 is divided by 107761.
52
Calculate the remainder when 1924473 is divided by 731.
481
What is the remainder when 5445345 is divided by 151?
134
Calculate the remainder when 328945 is divided by 306.
301
Calculate the remainder when 35314189 is divided by 44.
9
What is the remainder when 2518275 is divided by 8?
3
What is the remainder when 1138082 is divided by 10070?
172
Calculate the remainder when 852247 is divided by 852208.
39
What is the remainder when 82459 is divided by 13703?
241
Calculate the remainder when 1055916 is divided by 3508.
8
What is the remainder when 3529338 is divided by 291?
90
What is the remainder when 1020508 is divided by 46?
44
What is the remainder when 7640531 is divided by 96?
83
Calculate the remainder when 8325283 is divided by 1189325.
8
What is the remainder when 42863771 is divided by 10715940?
11
What is the remainder when 711956 is divided by 2518?
1880
Calculate the remainder when 138086036 is divided by 1116.
8
What is the remainder when 50017 is divided by 22?
11
Calculate the remainder when 47189835 is divided by 548719.
1
What is the remainder when 94258472 is divided by 18851693?
7
Calculate the remainder when 3791323 is divided by 58.
37
Calculate the remainder when 7749 is divided by 966.
21
What is the remainder when 11058 is divided by 8724?
2334
What is the remainder when 2660668 is divided by 1099?
1088
What is the remainder when 477238 is divided by 762?
226
Calculate the remainder when 228360 is divided by 393.
27
What is the remainder when 65802 is divided by 79?
74
Calculate the remainder when 1182855 is divided by 56325.
30
What is the remainder when 1935203 is divided by 276446?
81
What is the remainder when 564134 is divided by 12261?
128
What is the remainder when 19328 is divided by 729?
374
Calculate the remainder when 222853 is divided by 2450.
2353
Calculate the remainder when 52881 is divided by 3121.
2945
Calculate the remainder when 1978588 is divided by 901.
893
Calculate the remainder when 2437142 is divided by 3503.
2557
What is the remainder when 59408 is divided by 90?
8
What is the remainder when 20995030 is divided by 15?
10
What is the remainder when 197747 is divided by 98420?
907
Calculate the remainder when 4314115 is divided by 14.
1
What is the remainder when 4927542 is divided by 6844?
6706
What is the remainder when 20340450 is divided by 9927?
27
What is the remainder when 106524 is divided by 33779?
5187
Calculate the remainder when 750813 is divided by 1981.
14
What is the remainder when 3578995 is divided by 80?
35
What is the remainder when 116093 is divided by 674?
165
Calculate the remainder when 9866152 is divided by 965.
957
Calculate the remainder when 35262 is divided by 6770.
1412
What is the remainder when 91087124 is divided by 29?
9
Calculate the remainder when 65209 is divided by 65199.
10
What is the remainder when 240140 is divided by 26587?
857
Calculate the remainder when 49877 is divided by 6135.
797
Calculate the remainder when 51454490 is divided by 17151488.
26
Calculate the remainder when 648939 is divided by 615.
114
What is the remainder when 1974218 is divided by 2116?
2106
What is the remainder when 4600348 is divided by 76?
68
What is the remainder when 19496 is divided by 1022?
78
Calculate the remainder when 485585 is divided by 84.
65
What is the remainder when 14377874 is divided by 22?
16
What is the remainder when 154233 is divided by 104?
1
Calculate the remainder when 40608 is divided by 36314.
4294
Calculate the remainder when 196956323 is divided by 10286.
10281
What is the remainder when 64175787 is divided by 21?
18
Calculate the remainder when 117873 is divided by 3571.
30
What is the remainder when 923787365 is divided by 27?
23
Calculate the remainder when 3086 is divided by 3026.
60
Calculate the remainder when 11186480 is divided by 54.
2
Calculate the remainder when 3731995 is divided by 3585.
10
Calculate the remainder when 96728 is divided by 721.
114
What is the remainder when 543800 is divided by 6042?
20
Calculate the remainder when 37270 is divided by 11110.
3940
What is the remainder when 460010 is divided by 5000?
10
What is the remainder when 1259915 is divided by 114?
101
Calculate the remainder when 11672496 is divided by 124.
4
Calculate the remainder when 75122 is divided by 24998.
128
Calculate the remainder when 1373861 is divided by 108.
101
What is the remainder when 839939 is divided by 2039?
1910
Calculate the remainder when 1316602 is divided by 23938.
12
Calculate the remainder when 97621 is divided by 19429.
476
What is the remainder when 965513 is divided by 15809?
1164
What is the remainder when 264291 is divided by 1406?
1369
What is the remainder when 2194886 is divided by 66?
56
What is the remainder when 708182 is divided by 5286?
5144
What is the remainder when 3001301 is divided by 154?
149
Calculate the remainder when 14737129 is divided by 5.
4
What is the remainder when 849661 is divided by 65?
46
Calculate the remainder when 247267 is divided by 82396.
79
What is the remainder when 30894688 is divided by 2902?
2898
Calculate the remainder when 14200805 is divided by 46.
7
Calculate the remainder when 2556792 is divided by 188.
180
What is the remainder when 259918 is divided by 8243?
4385
What is the remainder when 138447 is divided by 1344?
15
Calculate the remainder when 3647969 is divided by 3647762.
207
Calculate the remainder when 2189010 is divided by 38.
20
What is the remainder when 123576864 is divided by 9?
6
Calculate the remainder when 191288 is divided by 27326.
6
Calculate the remainder when 1167304 is divided by 3705.
229
Calculate the remainder when 1849171 is divided by 110.
71
What is the remainder when 11002342 is divided by 2964?
2938
What is the remainder when 121516 is divided by 23826?
2386
Calculate the remainder when 488446 is divided by 3259.
2855
Calculate the remainder when 9123234 is divided by 96034.
4
Calculate the remainder when 5680 is divided by 333.
19
Calculate the remainder when 6552198 is divided by 66.
48
What is the remainder when 3545771 is divided by 1181914?
29
What is the remainder when 3535550 is divided by 33354?
26
Calculate the remainder when 10377 is divided by 3242.
651
Calculate the remainder when 156276 is divided by 356.
348
Calculate the remainder when 15134092 is divided by 3934.
3928
What is the remainder when 915742 is divided by 80?
62
What is the remainder when 72474806 is divided by 17077?
18
What is the remainder when 8493539 is divided by 1844?
75
What is the remainder when 8171361 is divided by 20?
1
What is the remainder when 1650674 is divided by 35880?
194
Calculate the remainder when 30626 is divided by 30457.
169
Calculate the remainder when 167147 is divided by 2083.
507
Calculate the remainder when 57858 is divided by 1670.
1078
What is the remainder when 3758832 is divided by 32970?
252
Calculate the remainder when 1784092 is divided by 9292.
28
Calculate the remainder when 5805428 is divided by 46.
44
Calculate the remainder when 81440777 is divided by 331060.
17
What is the remainder when 59089309 is divided by 586?
585
Calculate the remainder when 787657921 is divide